?
1
Suppose y = -4*o + 2*o, -6 = -2*y + 2*o. Let q(s) = -s**y - 5*s + 2 + 0*s + 2*s**2 + 0. What is the units digit of q(5)?
2
Suppose 4*z - 2*r = 356, -z + 3*r + 84 = -0*z. What is the tens digit of z?
9
Let f(g) = g**3 - 10*g**2 - g + 13. Let z be f(10). Suppose -48 = -3*t - z. What is the units digit of t?
5
Let i be 15/6*8/10. Suppose -i*d + 5*y + 155 = 3*d, -2*y - 128 = -4*d. What is the tens digit of d?
3
Suppose p = 3*p - c - 11, -3 = -3*c. Let v be (-2)/p - 17/3. Let m = v + 9. What is the units digit of m?
3
Suppose b - 130 = -4*b. What is the tens digit of b?
2
Let o be -120*(-2)/10*2. Suppose -i = -5*i + o. What is the tens digit of i?
1
Suppose -3*h - 22 + 1 = 0. Let a(r) = -r**2 - 11*r - 9. What is the units digit of a(h)?
9
Suppose -5*w + 4 = 19. Let p = -13 + 61. What is the units digit of (w/2)/((-9)/p)?
8
Let a(s) be the second derivative of 4*s**3/3 - 15*s**2/2 + 6*s. What is the tens digit of a(7)?
4
Let y be 6 + -9 + 2 + 4. Suppose 0 = -2*t + g + 116, 4*t - y*t - g = 60. What is the units digit of t?
6
Let a(s) = s**3 - 3*s**2 + s - 5. Let p be (-4)/14 + (-120)/(-28). What is the tens digit of a(p)?
1
Suppose 4*c - 12 = 2*f, 2*f = -f - 3*c + 27. Suppose 2*w - 16 - f = 0. What is the tens digit of w?
1
What is the tens digit of 39/(-12) + 3 - (-897)/4?
2
Suppose 6*n = 17 - 41. Let d(g) = -g**3 + 2*g**2 + 5*g - 7. Let h(r) = r**2 + r - 1. Let z(y) = d(y) - 5*h(y). What is the units digit of z(n)?
4
What is the units digit of (-24)/36 - 130/(-6)?
1
Let n(v) = -5*v**2 - v - 5. Let k be n(-4). Let m = -56 - k. What is the units digit of m?
5
Let h(d) be the third derivative of -d**4/8 - 4*d**3/3 + d**2. Suppose 55 = -5*w + 20. What is the units digit of h(w)?
3
Let q be (-2)/(-5) + (-36)/(-10). Let f(o) = -2*o**2 + o. Let j be f(q). What is the units digit of (-6)/10 - j/5?
5
Let a = -7 + 17. What is the units digit of a?
0
Let p be 0/2 - 8/(-2). Suppose -3 = 2*w - p*x + 1, 3*x - 10 = -2*w. Suppose -w = -b - b. What is the units digit of b?
1
Let y(u) = 7*u + 11. Let q be ((-10)/(-20))/(2/(-4)). Let h(g) = g + 1. Let i(a) = q*y(a) + 6*h(a). What is the units digit of i(-8)?
3
Let c(o) = -8*o + 1. Let v be c(-1). Let n(t) = t**2 - 8*t + 2. What is the tens digit of n(v)?
1
What is the units digit of (-18)/(-9)*(4 + 1)?
0
Suppose -2*r = r - 66. Let h = r - 13. Suppose -5 = 2*t - 3*t - y, t - y - h = 0. What is the units digit of t?
7
What is the tens digit of 1*28 - (8 + -10)?
3
Let m(t) = t**2 - 4*t - 8. Let z be m(6). Let n = 13 - -6. Suppose r - z*p + 7*p = n, p - 13 = -r. What is the units digit of r?
0
Let w be (6/(-2))/(-1) + -1. Suppose 51 = w*v + q + 13, v - 17 = -q. What is the tens digit of v?
2
Let i(f) = 6*f. Let q = 4 - 8. Let y be 10/6 + q/6. What is the units digit of i(y)?
6
Let n(w) = -w**3 - w + 1. Let b(t) = 4*t**3 - 2*t**2 + 8*t - 3. Let g(i) = -b(i) - 5*n(i). Let l be g(-3). What is the units digit of (l - 0 - -3) + 9?
0
Suppose 3*b - 4 - 24 = -2*y, 4*b - 4*y = 24. Let x be (-1)/((4/(-2))/2). Suppose j - b = -x. What is the units digit of j?
7
Suppose -6*t = 87 - 375. What is the units digit of t?
8
Let g be 1/3 + (-44)/(-12). Suppose 3*y = 9, v + 2*y = -2*y + 12. Suppose v = g*u - 28 + 8. What is the units digit of u?
5
Let a = -34 - -61. Suppose 3*g = 5*d - a, 4*d - 3*g + 0*g - 21 = 0. What is the units digit of d?
6
Let m(z) = -z**3 - 5*z**2 - 5*z + 4. Suppose s - 6*s - 16 = u, 3*s - 5*u + 32 = 0. Let b be m(s). Let y = b + 2. What is the tens digit of y?
1
Let x be (1 + -2)/(-1) - -1. Suppose -b = x*b. Suppose -3*i - 3*y - 3 = b, 2*y = -4*i - y. What is the units digit of i?
3
Suppose 0 = 3*o + 6, 4*g = -0*o - o + 1122. What is the hundreds digit of g?
2
Suppose 0 = 4*t - 9 - 31. What is the tens digit of t?
1
Suppose -q - 2*q + 30 = 0. Let b be 16/q - (-4)/10. Suppose -b*c + 4*v = -3*c + 23, 2*v = 8. What is the units digit of c?
7
Let m(l) = -l - 1. Let r be m(-5). Suppose 8 = 4*i - 4*j, 0 = r*i - 6*j + j - 8. What is the units digit of i?
2
Suppose -4*w + 3*w + 36 = 0. Let n = -22 + w. Let s = n - 3. What is the units digit of s?
1
Let p = -1 - -4. Let n = -10 + p. Let h = -4 - n. What is the units digit of h?
3
What is the tens digit of 2 - (-34 + -4 + 8)?
3
Suppose 0 = -2*q - 4 + 12. Let j = q + 3. What is the units digit of j?
7
What is the hundreds digit of 29620/130 - 4/(-26)?
2
Suppose 4*n - 3*y - 484 = 0, 0 = n - 5*n - 3*y + 460. What is the units digit of n?
8
Let y = 246 - 155. What is the tens digit of y?
9
Suppose 0 = -4*j + 3*j + 5*w - 19, 2*w - 22 = 4*j. Let k = 0 - j. Suppose -d = -k*d + 48. What is the units digit of d?
6
Let q(o) = 2*o - 10. Let r be q(7). Suppose u - 16 = w, -2*u = r*w - 1 - 7. What is the tens digit of u?
1
Let v = 65 + -51. What is the tens digit of v?
1
Let c(q) = -q**3 - 7*q**2 + q + 6. What is the tens digit of c(-9)?
5
Suppose 5*j = -80 + 610. What is the units digit of j?
6
Let p(a) = -a**3 + 4*a**2 - a + 2. Let s be p(4). Let z be (-1)/((-1)/6*2). Let f = s + z. What is the units digit of f?
1
Let m be (-14 + 2 - -3) + 2. Let l = m - -11. What is the units digit of l?
4
Suppose -2*a = 2*l - 78, 2*a - 180 = -7*l + 2*l. What is the tens digit of l?
3
Let j(m) = m**3 - 7*m**2 + 5*m - 4. Let z(w) = -2*w**3 + 15*w**2 - 10*w + 8. Let h(k) = 9*j(k) + 4*z(k). What is the units digit of h(3)?
1
Let s = 37 - 19. What is the tens digit of 39*(-3)/(s/(-4))?
2
What is the units digit of (-3)/4 + (-1095)/(-20)?
4
Suppose 0 = -g - 3*w - 6, w - 3*w + 35 = 5*g. Suppose 0 = 3*d - g, -3*l = -7*l + d + 41. What is the tens digit of l?
1
What is the tens digit of (0 - -6)*315/18?
0
Suppose 2*l + 10 = 58. What is the units digit of l?
4
Suppose c - 6 = b, 0*c - c + 5*b + 26 = 0. What is the units digit of c?
1
Suppose -j = 4*j - 20. Suppose 0 = -j*d + 4*h - h - 37, 3*d + 3*h = -33. Let v = d + 17. What is the units digit of v?
7
Let g(i) = 4*i**2 - 10*i + 20. What is the hundreds digit of g(-8)?
3
Suppose 0 = -5*s + 2*o + 166, -2*s = -5*s + 5*o + 111. Suppose -3 = -3*l + v, 3*l - 7*l - 4*v = 12. Suppose 3*q - 7*q + s = l. What is the units digit of q?
8
Let z(v) = 2*v - 8. Let g be z(0). What is the tens digit of (-218)/g - (-3)/(-12)?
2
Let i = -5 + 8. Let p(n) = -n**3 + 3*n**2 + 2*n + 1. What is the units digit of p(i)?
7
Let c(k) = -k**3 - 9*k**2 + 9*k - 6. Let m be c(-10). Suppose -2*g = -z + 39, 0 = -m*z + 4*g - 5*g + 129. What is the tens digit of z?
3
Let x(c) be the third derivative of c**6/120 - 7*c**5/60 + c**4/3 - 2*c**3/3 + 3*c**2. Let l be x(6). Let k = 15 - l. What is the units digit of k?
7
Suppose 2*h - 6 = 3*h. Let o be 2/((h/9)/(-1)). Suppose 2*p + o*p = 80. What is the tens digit of p?
1
Suppose 3*f - 3 = -6. What is the units digit of 9 + 0/f - 1?
8
Suppose -4*v = 3*n + 15, -2*v = -0*v - 3*n - 15. Suppose v - 185 = -5*h. What is the units digit of h?
7
Let n = 63 + -31. What is the units digit of n?
2
Let l(h) = -2*h**2 + 3*h - 1. Let n be l(4). Let g = 15 + n. What is the units digit of (-1 - -3)*g/(-4)?
3
What is the tens digit of (-14744)/(-72) - (-4)/18?
0
Suppose 4*m - 3*m - 62 = -i, 2*m - i = 133. What is the units digit of m?
5
Let u be 26 - -3*6/(-9). Suppose 2*d - u = -2*d. What is the units digit of d/4*(-20)/(-6)?
5
Let i(z) = 5*z**2 - z + 1. Let t be i(-2). Suppose -5*j + t = 3*h, 0 = -2*j - 4*h + 8 + 4. What is the units digit of j?
4
Let u(j) = j**2 + 3*j - 3. Let m be u(-4). Suppose -r = -11 + m. What is the units digit of r?
0
Suppose 15*n - 13*n - 224 = 0. What is the hundreds digit of n?
1
Suppose -4*q + 17 = 5. Let r(d) = -d + 4. Let o be r(6). What is the units digit of ((-1)/o)/(q/12)?
2
Let s(d) = -7*d**3 - 12*d**2 - 3*d + 8. Let t(i) = -i**3 - i**2 + 1. Let l(j) = -s(j) + 5*t(j). Let h be l(-5). What is the units digit of 3/(-6) - h/6?
5
What is the tens digit of (4 - 7) + 2 + 13?
1
Suppose w = 3*w - 6. Suppose -4*a + 50 = w*c, -2*a + 24 = -0*c + c. What is the units digit of (a/4)/((-3)/(-12))?
1
Let i = 329 + -215. Suppose 2*l - 2*f = 3*l - 28, i = 5*l - 3*f. What is the tens digit of l?
2
Let h(o) = o**2 + 3*o. Let j be h(3). What is the units digit of j*(4/(-3) + 2)?
2
What is the units digit of 1140/20 + 1 + 1?
9
Suppose 2*h - 4 + 0 = 0. Let y = 3 - h. What is the units digit of y?
1
Suppose p + 4 = -2*h + 1, 2*h = 5*p + 15. Suppos